20?
2
What is the thousands digit of 1501528?
1
What is the thousands digit of 185335?
5
What is the hundred thousands digit of 785457?
7
What is the units digit of 294729?
9
What is the hundreds digit of 1880947?
9
What is the hundreds digit of 433024?
0
What is the hundreds digit of 1002968?
9
What is the units digit of 8978642?
2
What is the tens digit of 25283519?
1
What is the hundred thousands digit of 511176?
5
What is the hundreds digit of 1633928?
9
What is the ten thousands digit of 448500?
4
What is the units digit of 141808?
8
What is the hundred thousands digit of 11200480?
2
What is the tens digit of 44109619?
1
What is the ten thousands digit of 2984349?
8
What is the units digit of 791256?
6
What is the tens digit of 408557?
5
What is the millions digit of 1160679?
1
What is the ten thousands digit of 12134333?
3
What is the hundreds digit of 2063096?
0
What is the ten thousands digit of 1028876?
2
What is the units digit of 1453704?
4
What is the ten millions digit of 14447207?
1
What is the hundreds digit of 1389386?
3
What is the hundred thousands digit of 6239560?
2
What is the hundreds digit of 72112?
1
What is the hundred thousands digit of 2051071?
0
What is the tens digit of 381658?
5
What is the ten thousands digit of 19143232?
4
What is the millions digit of 24795673?
4
What is the hundred thousands digit of 23353382?
3
What is the hundreds digit of 28307?
3
What is the tens digit of 4391396?
9
What is the hundreds digit of 828677?
6
What is the hundreds digit of 341448?
4
What is the millions digit of 1368533?
1
What is the ten thousands digit of 657222?
5
What is the hundreds digit of 9649469?
4
What is the thousands digit of 3812553?
2
What is the tens digit of 3407570?
7
What is the units digit of 30917634?
4
What is the units digit of 3638777?
7
What is the tens digit of 8909246?
4
What is the units digit of 69676?
6
What is the millions digit of 9179927?
9
What is the millions digit of 4492139?
4
What is the hundred thousands digit of 2174287?
1
What is the tens digit of 3026563?
6
What is the hundreds digit of 1112486?
4
What is the ten thousands digit of 15434056?
3
What is the ten thousands digit of 24942905?
4
What is the ten thousands digit of 460766?
6
What is the hundred thousands digit of 156652?
1
What is the ten millions digit of 20701785?
2
What is the thousands digit of 170618?
0
What is the ten thousands digit of 15817271?
1
What is the ten thousands digit of 748046?
4
What is the ten millions digit of 14293994?
1
What is the hundred thousands digit of 265866?
2
What is the tens digit of 800789?
8
What is the millions digit of 5556435?
5
What is the units digit of 6687678?
8
What is the tens digit of 2112024?
2
What is the thousands digit of 4835615?
5
What is the hundreds digit of 412843?
8
What is the ten thousands digit of 902350?
0
What is the tens digit of 101033?
3
What is the units digit of 463786?
6
What is the tens digit of 1760798?
9
What is the units digit of 85455?
5
What is the units digit of 2661937?
7
What is the units digit of 186968?
8
What is the ten thousands digit of 619316?
1
What is the tens digit of 700946?
4
What is the hundred thousands digit of 23828056?
8
What is the thousands digit of 987403?
7
What is the hundreds digit of 213768?
7
What is the units digit of 12310?
0
What is the tens digit of 12827?
2
What is the hundred thousands digit of 306197?
3
What is the ten thousands digit of 10695697?
9
What is the units digit of 607777?
7
What is the hundred thousands digit of 1239662?
2
What is the ten thousands digit of 337996?
3
What is the hundreds digit of 267053?
0
What is the ten thousands digit of 3437129?
3
What is the millions digit of 13050628?
3
What is the thousands digit of 149268?
9
What is the tens digit of 457202?
0
What is the millions digit of 13800082?
3
What is the ten thousands digit of 322681?
2
What is the tens digit of 13258907?
0
What is the hundred thousands digit of 3238545?
2
What is the hundreds digit of 976216?
2
What is the units digit of 3660495?
5
What is the hundreds digit of 420817?
8
What is the thousands digit of 38766?
8
What is the tens digit of 441364?
6
What is the ten thousands digit of 27407279?
0
What is the thousands digit of 4093032?
3
What is the thousands digit of 38370?
8
What is the tens digit of 10101935?
3
What is the hundred thousands digit of 2158677?
1
What is the hundreds digit of 1640?
6
What is the units digit of 4038940?
0
What is the hundreds digit of 360513?
5
What is the hundreds digit of 7218351?
3
What is the units digit of 352549?
9
What is the hundred thousands digit of 377619?
3
What is the ten thousands digit of 1465509?
6
What is the tens digit of 2064394?
9
What is the millions digit of 7038394?
7
What is the tens digit of 4892144?
4
What is the hundred thousands digit of 657376?
6
What is the hundreds digit of 21591?
5
What is the hundred thousands digit of 16228803?
2
What is the thousands digit of 164063?
4
What is the hundreds digit of 1082826?
8
What is the hundreds digit of 20612911?
9
What is the ten thousands digit of 4075253?
7
What is the hundreds digit of 50668?
6
What is the units digit of 351618?
8
What is the thousands digit of 16181?
6
What is the thousands digit of 59796?
9
What is the hundreds digit of 33037?
0
What is the thousands digit of 2415078?
5
What is the ten thousands digit of 31429171?
2
What is the hundreds digit of 1299327?
3
What is the millions digit of 10576475?
0
What is the thousands digit of 34457250?
7
What is the thousands digit of 503172?
3
What is the tens digit of 3613282?
8
What is the ten thousands digit of 440561?
4
What is the tens digit of 266584?
8
What is the thousands digit of 51092?
1
What is the units digit of 700440?
0
What is the tens digit of 2661108?
0
What is the hundreds digit of 15885524?
5
What is the units digit of 9121706?
6
What is the hundred thousands digit of 13142936?
1
What is the tens digit of 743394?
9
What is the tens digit of 466970?
7
What is the tens digit of 536735?
3
What is the hundreds digit of 13271?
2
What is the hundred thousands digit of 13194360?
1
What is the thousands digit of 299347?
9
What is the ten thousands digit of 226873?
2
What is the tens digit of 2309000?
0
What is the hundreds digit of 433994?
9
What is the hundred thousands digit of 283041?
2
What is the thousands digit of 99105?
9
What is the ten thousands digit of 22034007?
3
What is the hundred thousands digit of 120743?
1
What is the units digit of 340734?
4
What is the units digit of 1436036?
6
What is the ten thousands digit of 194085?
9
What is the units digit of 478030?
0
What is the ten thousands digit of 10309811?
0
What is the tens digit of 273133?
3
What is the thousands digit of 697708?
7
What is the hundreds digit of 331058?
0
What is the hundred thousands digit of 518263?
5
What is the hundred thousands digit of 1552736?
5
What is the tens digit of 90502?
0
What is the thousands digit of 108053?
8
What is the units digit of 309285?
5
What is the millions digit of 8361237?
8
What is the ten millions digit of 10662358?
1
What is the units digit of 396458?
8
What is the hundred thousands digit of 230033?
2
What is the thousands digit of 26372983?
2
What is the units digit of 906412?
2
What is the thousands digit of 2203780?
3
What is the thousands digit of 17837761?
7
What is the hundreds digit of 750866?
8
What is the ten thousands digit of 15271?
1
What is the hundreds digit of 7494765?
7
What is the units digit of 103415?
5
What is the ten thousands digit of 1113188?
1
What is the hundreds digit of 1939811?
8
What is the hundreds digit of 4978795?
7
What is the tens digit of 1852975?
7
What is the units digit of 16339831?
1
What is the ten millions digit of 17300590?
1
What is the hundred thousands digit of 236076?
2
What is the hundred thousands digit of 1399420?
3
What is the millions digit of 2703048?
2
What is the units digit of 377844?
4
What is the thousands digit of 90198?
0
What is the ten thousands digit of 2033067?
3
What is the ten thousands digit of 358994?
5
What is the units digit of 6997799?
9
What is the tens digit of 644329?
2
What is the tens digit of 31217205?
0
What is the thousands digit of 2063608?
3
What is the hundred t